t common factor of d and 1521.
9
Suppose 44*v - 330 = 22*v. What is the greatest common factor of 8565 and v?
15
Let f(c) = -2*c + 4. Let x be f(3). Let a(s) be the second derivative of -7*s**3/6 + s**2 + 12*s. Let h be a(x). What is the highest common factor of h and 2?
2
Let i = -42 - -50. Suppose -i*f = -3*f + 175. Let p be (-3)/((-15)/2) + (-511)/f. Calculate the highest common divisor of p and 6.
3
Suppose -15*b + 572 = -8053. Calculate the highest common factor of b and 1610.
115
Let d(i) = -9*i**3 - 20*i**2 - 20*i - 1. Suppose -28*o + 30*o - 15 = 5*f, 0 = -3*f + 3*o - 18. Let z be d(f). What is the highest common factor of z and 1448?
8
Let c(b) = -b**3 - 7*b**2 - 2*b - 11. Let w = 108 - 117. Let i be c(w). Suppose -48 + i = 11*o. Calculate the greatest common factor of 77 and o.
11
Suppose -2*c = 2, -a + 2*c + 5 = c. Let b be a/(-22) - 1654/(-22). What is the highest common divisor of 3 and b?
3
Let j be 18/21*-21*(-4)/6. Suppose 3*w = -0*w - 3*n - 72, 0 = w - 5*n + j. Let c be 18/w - 4/22 - -155. Calculate the highest common factor of c and 14.
14
Let b(v) be the third derivative of -31*v**4/24 - 51*v**3/2 - 44*v**2. Let r be b(-9). Let d = 34 + -20. What is the greatest common divisor of d and r?
14
Let h(d) = d**2 + 4*d + 21. Suppose 11*g = 36 + 140. Let j be h(g). What is the greatest common divisor of 31 and j?
31
Let t = 14449 - 14197. What is the highest common factor of t and 1152?
36
Suppose 173*j - 156*j = 28730. Calculate the greatest common divisor of 650 and j.
130
Let i(n) = -18*n + 295. Let w be i(16). Suppose -36 + 1 = -w*b. Let q = -16 + 31. Calculate the highest common factor of b and q.
5
Let o be (30/(-18))/((-12)/4 - (-805)/270). What is the greatest common factor of 99 and o?
9
Suppose 10*t + 130 = 450. Suppose -4*l = -3*l + 4*j - 64, -l = -5*j - 64. Calculate the greatest common divisor of t and l.
32
Let t(s) = s**2 + 27*s - 90. Let p be t(-30). Suppose -5*n - 63 + 88 = p. Calculate the greatest common divisor of 205 and n.
5
Suppose 13*u + 11520 = 36*u + u. What is the greatest common factor of u and 304?
16
Suppose 201*f - 673740 = 165*f. Calculate the highest common factor of 95 and f.
95
Let v = -5989 - -6609. What is the highest common factor of v and 4588?
124
Let v = -137 - -105. Let w = v + 115. Suppose 77*p + 390 = w*p. Calculate the greatest common divisor of 26 and p.
13
Suppose -4*w = -36 + 4. Suppose 12*y - w - 88 = 0. Calculate the highest common factor of y and 44.
4
Suppose 2*p = -3*k - 858 + 1222, 354 = 3*k - 3*p. What is the greatest common factor of 440 and k?
40
Let x(w) = -2*w**2 + 3*w + 1. Let c be x(-1). Let j be c/1*1 + 3 + 66. Calculate the greatest common factor of j and 5.
5
Let d = 45 + -49. Let k(q) be the third derivative of -q**6/120 - q**5/15 + q**3 + 18*q**2. Let b be k(d). Calculate the highest common factor of b and 48.
6
Let a be (3/7)/((-54)/378). Suppose 2*n - 64 = -2*n. Let k = n + a. Calculate the highest common factor of k and 65.
13
Let a(w) = -75*w + 158. Let r be a(2). Suppose -3*h + 5*l = -6*h + 883, -2*l = -2*h + 594. Calculate the greatest common divisor of r and h.
8
Let h(q) = -q**2 - 112*q + 3948. Let b be h(28). Suppose 0 = 4*o - 2*o - 70. What is the highest common factor of b and o?
7
Suppose 52*b = 47*b, 4*b + 1106 = 2*m. What is the highest common divisor of 7 and m?
7
Let w = 52 - -53. Suppose 0 = -5*h + 20, 113 = 3*v + 2*h. What is the greatest common factor of v and w?
35
Suppose -1646 - 767 - 733 = -26*g. Let c be 2 - 1 - 3*-18. What is the highest common divisor of g and c?
11
Let y(f) = -f**2 - 29*f + 58. Suppose 4*a - 276 = 16*a. Let b be y(a). Calculate the greatest common factor of 245 and b.
49
Let s be (-2)/((4/(-750))/(165/825)). Calculate the greatest common factor of 14325 and s.
75
Suppose 8*y = -6*y - 51*y + 18720. Calculate the greatest common factor of 9648 and y.
144
Let p be (1 + 38)/((-26)/(-4576)*12). Calculate the highest common divisor of 660 and p.
44
Let i be (-27 + (4 - 6))/(-1). Suppose -11*f + i*f - 288 = 0. What is the greatest common factor of f and 104?
8
Let h be 3/((-3)/(-11)) + -1. Let g(c) = c**2 - 487*c + 42274. Let p be g(113). Calculate the highest common factor of h and p.
2
Suppose -27*k + 96 + 3 + 144 = 0. Calculate the greatest common divisor of k and 345.
3
Let f = 3 - -9. Let x = 28 + -17. Suppose 421 = 12*y - x. What is the highest common divisor of f and y?
12
Suppose -2*x + 434 = -r, -3*x + 59*r + 656 = 55*r. Calculate the greatest common divisor of x and 2.
2
Let o be (36/(-16) + -1 + 2)*-8. Let v = -7 + o. Suppose -v*r - x + 23 = 0, 2*x + x + 21 = r. What is the highest common divisor of r and 99?
9
Suppose 2*v = -5*i + 222734, -5*i - v + 64709 = -158018. Calculate the greatest common divisor of 256 and i.
256
Let j be 16 - (-3 - 5 - 0). Let o(q) = -13*q - 1. Let t be o(-1). What is the greatest common divisor of t and j?
12
Let j = 897 - 894. Suppose -16*b + 2595 = -11*b + z, -z = j*b - 1555. Calculate the greatest common factor of 208 and b.
104
Let l be (-1)/(-6) + 358/2327 + 11182/156. What is the greatest common divisor of 1557 and l?
9
Suppose -3*g + 0*g = -5*g. Suppose -125 = -5*q - 0*x - x, -4*q - 4*x + 100 = g. Let l = -92 + 97. Calculate the greatest common divisor of q and l.
5
Let o = 276 + -271. Suppose -3*a + o*a = d - 81, 177 = 2*d - a. Calculate the greatest common factor of d and 65.
13
Let k(i) = 4*i - 38. Let p be k(12). Suppose 0 = -p*w + 4*w + 1092. Calculate the greatest common factor of 21 and w.
7
Suppose -2530*n = -2498*n - 61134 + 9550. Calculate the greatest common factor of n and 52.
52
Let v(j) = 2*j**3 - 16*j**2 + 46*j - 13. Let o be v(4). Suppose 2*y + 3 = y. Let q = o + y. Calculate the greatest common divisor of q and 4.
4
Let p be (-69)/((-3990)/(-455) - 9). Let c = 25 - 12. What is the highest common factor of c and p?
13
Let t = 18940 - 18933. Calculate the highest common factor of t and 266.
7
Suppose m - 27 = l + 15, -3*l - 128 = -4*m. Let h = l - -54. Calculate the greatest common factor of h and 182.
14
Suppose 5*v - x = 4015, 2*x = v - 427 - 376. Calculate the greatest common divisor of 396 and v.
11
Suppose 92 = 30*c - 34*c. Let h = 38 + c. Let m = -14 + 19. Calculate the highest common divisor of m and h.
5
Let b be ((-1968)/(-30))/(4/10). Let h = -74 + b. Let y be 11 + (-910)/(-126) + 2/(-9). What is the highest common divisor of y and h?
18
Suppose -209*r - 239232 = -881*r. Calculate the greatest common divisor of r and 4539.
89
Suppose -13*u + 13*u + 5709 = 11*u. Calculate the highest common factor of 11591 and u.
173
Suppose 0 = -d - 3*t + 34, -2*t + 6*t - 38 = -d. Let g = d - -14. What is the highest common factor of 36 and g?
36
Let y = 24232 - 8482. Calculate the highest common factor of 600 and y.
150
Suppose 102*b - 217500 = 73*b. Calculate the greatest common divisor of b and 75.
75
Suppose -4*g = -4*u + 83 - 19, -2*u + 27 = -g. Suppose 15 = -10*h + u*h. Suppose -210 = h*s - 18*s. What is the highest common factor of 28 and s?
14
Suppose -2*f + 13*o - 15*o = 1376, 0 = -f - 3*o - 686. Let c = -665 - f. Calculate the highest common factor of c and 228.
12
Let n(m) = -19*m**2 - 8*m + 5. Let s be n(3). Let j = 221 + s. What is the greatest common divisor of 775 and j?
31
Let h be (9 - 2422/(-35)) + (-1)/5. What is the highest common factor of 1599 and h?
39
Let t be (-22)/1694*-44 + (58540/(-14))/(-1). What is the greatest common factor of t and 238?
34
Let u be (2 - -9 - -1)*(-7)/(-2). Suppose -4*f - 6 = -u. What is the greatest common factor of f and 144?
9
Let u = -67 + -39. Let k = -47 - u. Let s = -181114 - -181291. What is the highest common divisor of s and k?
59
Let z = 99 - 51. Suppose 5*y - 10 = g, -2 = 3*y - 5*g - 8. Suppose 3*i - 48 = y*t, 0 = -3*i + 4*t + 45 + 3. Calculate the greatest common factor of i and z.
16
Suppose 0*j + 6*j - 216 = 0. Let w = -11 + 16. Suppose y + 4*i + 160 = 3*y, 0 = y - w*i - 74. Calculate the highest common factor of y and j.
12
Let c = 1830 + -1355. Calculate the highest common divisor of 275 and c.
25
Suppose -r + 89 = 83. Suppose 13*s = -r + 851. Suppose s*j = 66*j - 30. Calculate the highest common divisor of j and 18.
6
Let y be (-3718)/(-187) - 20 - (-137090)/17. What is the greatest common divisor of y and 11